{"id":446,"date":"2020-09-24T10:16:40","date_gmt":"2020-09-24T10:16:40","guid":{"rendered":"http:\/\/baotangdongque.vn\/?page_id=446"},"modified":"2022-05-31T14:38:41","modified_gmt":"2022-05-31T14:38:41","slug":"goc-tho","status":"publish","type":"page","link":"http:\/\/baotangdongque.vn\/?page_id=446","title":{"rendered":"V\u0103n th\u01a1"},"content":{"rendered":"\n  <div class=\"banner has-hover\" id=\"banner-369195503\">\n          <div class=\"banner-inner fill\">\n        <div class=\"banner-bg fill\" >\n            <div class=\"bg fill bg-fill \"><\/div>\n                                    \n                    <\/div>\n        <div class=\"banner-layers container\">\n            <div class=\"fill banner-link\"><\/div>            \n   <div id=\"text-box-1220836021\" class=\"text-box banner-layer x5 md-x5 lg-x5 y15 md-y15 lg-y15 res-text\">\n                                <div class=\"text-box-content text dark\">\n              \n              <div class=\"text-inner text-left\">\n                  \n<h3 class=\"uppercase\"><strong>Qu\u00ea h\u01b0\u01a1ng<\/strong><\/h3>\n<p>Qu\u00ea h\u01b0\u01a1ng hai ti\u1ebfng th\u00e2n y\u00eau<\/p>\n<p>V\u00f5ng \u0111\u01b0a k\u1ebdo k\u1eb9t s\u1edbm chi\u1ec1u m\u1eb9 ru<\/p>\n<p>S\u00e1o di\u1ec1u vang ti\u1ebfng vi vu<\/p>\n<p>Ti\u1ebfng con chim g\u00e1y c\u00fac cu v\u1ecdng v\u1ec1<\/p>\n<p>&#8230;<\/p>\n              <\/div>\n           <\/div>\n                            \n<style>\n#text-box-1220836021 {\n  width: 60%;\n}\n#text-box-1220836021 .text-box-content {\n  font-size: 100%;\n}\n<\/style>\n    <\/div>\n \n        <\/div>\n      <\/div>\n\n            \n<style>\n#banner-369195503 {\n  padding-top: 500px;\n}\n#banner-369195503 .bg.bg-loaded {\n  background-image: url(http:\/\/baotangdongque.vn\/wp-content\/uploads\/2020\/09\/goctho.png);\n}\n<\/style>\n  <\/div>\n\n\n<div class=\"row\"  id=\"row-1679674994\">\n\n\t<div id=\"col-1676380492\" class=\"col medium-6 small-12 large-6\"  >\n\t\t<div class=\"col-inner\"  >\n\t\t\t\n\t\t\t\n<h3>M\u1ede H\u1ed8I \u0110UA DI\u1ec0U<\/h3>\n<p>\u00c1o cho\u00e0ng ho\u00e0ng y\u1ebfn b\u00e1o thu sang<br \/>\nChi\u1ec1u qu\u00ea man m\u00e1c nh\u1ea1t n\u1eafng v\u00e0ng<br \/>\nHeo may se l\u1ea1nh tr\u1eddi bu\u00f4ng gi\u00f3<br \/>\nXanh th\u1eb3m t\u1ea7ng cao ti\u1ebfng s\u00e1o vang<\/p>\n<p>Tu\u1ed5i th\u01a1 m\u01a1 \u01b0\u1edbc ch\u1ea1y kh\u1eafp l\u00e0ng<br \/>\nL\u01b0ng tr\u1ea7n thi\u00eau n\u1eafng m\u1ea3i lang thang<br \/>\nNay tr\u1ecdn vi\u1ec7c c\u00f4ng v\u1ec1 \u0111\u1ed3ng ru\u1ed9ng<br \/>\nM\u1edf h\u1ed9i \u0111ua di\u1ec1u s\u00e1o reo vang<\/p>\n<p>M\u1eddi b\u1ea1n \u0111\u1ebfn l\u00e0ng B\u00ecnh Di ch\u01a1i<br \/>\nB\u1ea3o t\u00e0ng \u0110\u1ed3ng Qu\u00ea \u0111\u1ee3i \u0111\u00f3n m\u1eddi<br \/>\nR\u1ee3p tr\u1eddi di\u1ec3u b\u1ed5ng ng\u1eddi \u00e1nh m\u1eaft<br \/>\nN\u00e2ng c\u00e1nh h\u1ed3n th\u01a1 quy\u1ec7n s\u00e1o vang.<\/p>\n<p style=\"text-align: left;\"><em>\u00a0 \u00a0 \u00a0 \u00a0 \u00a0 \u00a0 \u00a0 \u00a0 \u00a0 Thi\u1ebfu t\u01b0\u1edbng Ho\u00e0ng Ki\u00ean<\/em><\/p>\n\t\t<\/div>\n\t\t\t<\/div>\n\n\t\n\n\t<div id=\"col-134976361\" class=\"col medium-6 small-12 large-6\"  >\n\t\t<div class=\"col-inner\"  >\n\t\t\t\n\t\t\t\n<h3>M\u1ede H\u1ed8I \u0110UA DI\u1ec0U<\/h3>\n<p>\u00c1o cho\u00e0ng ho\u00e0ng y\u1ebfn b\u00e1o thu sang<br \/>\nChi\u1ec1u qu\u00ea man m\u00e1c nh\u1ea1t n\u1eafng v\u00e0ng<br \/>\nHeo may se l\u1ea1nh tr\u1eddi bu\u00f4ng gi\u00f3<br \/>\nXanh th\u1eb3m t\u1ea7ng cao ti\u1ebfng s\u00e1o vang<\/p>\n<p>Tu\u1ed5i th\u01a1 m\u01a1 \u01b0\u1edbc ch\u1ea1y kh\u1eafp l\u00e0ng<br \/>\nL\u01b0ng tr\u1ea7n thi\u00eau n\u1eafng m\u1ea3i lang thang<br \/>\nNay tr\u1ecdn vi\u1ec7c c\u00f4ng v\u1ec1 \u0111\u1ed3ng ru\u1ed9ng<br \/>\nM\u1edf h\u1ed9i \u0111ua di\u1ec1u s\u00e1o reo vang<\/p>\n<p>M\u1eddi b\u1ea1n \u0111\u1ebfn l\u00e0ng B\u00ecnh Di ch\u01a1i<br \/>\nB\u1ea3o t\u00e0ng \u0110\u1ed3ng Qu\u00ea \u0111\u1ee3i \u0111\u00f3n m\u1eddi<br \/>\nR\u1ee3p tr\u1eddi di\u1ec3u b\u1ed5ng ng\u1eddi \u00e1nh m\u1eaft<br \/>\nN\u00e2ng c\u00e1nh h\u1ed3n th\u01a1 quy\u1ec7n s\u00e1o vang.<\/p>\n<p style=\"text-align: left;\"><em>\u00a0 \u00a0 \u00a0 \u00a0 \u00a0 \u00a0 \u00a0 \u00a0 \u00a0 Thi\u1ebfu t\u01b0\u1edbng Ho\u00e0ng Ki\u00ean<\/em><\/p>\n\t\t<\/div>\n\t\t\t<\/div>\n\n\t\n<\/div>\n","protected":false},"excerpt":{"rendered":"","protected":false},"author":1,"featured_media":0,"parent":589,"menu_order":0,"comment_status":"closed","ping_status":"closed","template":"","meta":[],"_links":{"self":[{"href":"http:\/\/baotangdongque.vn\/index.php?rest_route=\/wp\/v2\/pages\/446"}],"collection":[{"href":"http:\/\/baotangdongque.vn\/index.php?rest_route=\/wp\/v2\/pages"}],"about":[{"href":"http:\/\/baotangdongque.vn\/index.php?rest_route=\/wp\/v2\/types\/page"}],"author":[{"embeddable":true,"href":"http:\/\/baotangdongque.vn\/index.php?rest_route=\/wp\/v2\/users\/1"}],"replies":[{"embeddable":true,"href":"http:\/\/baotangdongque.vn\/index.php?rest_route=%2Fwp%2Fv2%2Fcomments&post=446"}],"version-history":[{"count":1,"href":"http:\/\/baotangdongque.vn\/index.php?rest_route=\/wp\/v2\/pages\/446\/revisions"}],"predecessor-version":[{"id":591,"href":"http:\/\/baotangdongque.vn\/index.php?rest_route=\/wp\/v2\/pages\/446\/revisions\/591"}],"up":[{"embeddable":true,"href":"http:\/\/baotangdongque.vn\/index.php?rest_route=\/wp\/v2\/pages\/589"}],"wp:attachment":[{"href":"http:\/\/baotangdongque.vn\/index.php?rest_route=%2Fwp%2Fv2%2Fmedia&parent=446"}],"curies":[{"name":"wp","href":"https:\/\/api.w.org\/{rel}","templated":true}]}}